culate t(-5).
-427
Let r(j) = -8*j**3 - 4*j**2 + 16*j + 12. Give r(-6).
1500
Let w(i) = 245*i - 6126. Determine w(28).
734
Let m(g) = -171*g**2 - 7617*g + 3535. What is m(-45)?
25
Let j(l) = 2874*l + 80575. Determine j(-28).
103
Let f(r) = 6*r**3 + 9*r**2 - 460*r - 3377. What is f(-7)?
-1774
Let b(c) = 58105*c - 639428. Determine b(11).
-273
Let c(z) = -z**3 - 529*z**2 + 4835*z + 102. What is c(9)?
39
Let d(h) = 3*h**2 + 95*h - 14. What is d(-24)?
-566
Let i(w) = -29*w**2 + 1012*w - 58. Calculate i(32).
2630
Let h(m) = -24*m**3 - 9554*m**2 - 817*m - 8350. Determine h(-398).
8
Let x(f) = -58810*f - 470476. Calculate x(-8).
4
Let s(w) = -w**2 - 266*w - 15302. Give s(-182).
-14
Let i(g) = -62*g**2 + 113*g - 27. What is i(3)?
-246
Let d(x) = -x**2 + 788*x - 133652. Give d(247).
-25
Let h(q) = 292894*q + 8786859. What is h(-30)?
39
Let m(y) = -3*y**3 - 127*y**2 - 30*y + 181. Determine m(-42).
-323
Let g(u) = u**3 + 11*u**2 - 104*u - 1004. Calculate g(-8).
20
Let o(p) = 2*p**3 - 34*p**2 - 135*p + 1669. Calculate o(20).
1369
Let d(j) = -j**3 + 59*j**2 + 1683*j - 17. What is d(-20)?
-2077
Let i(q) = -2*q**3 - 24*q**2 + 763*q - 2779. Determine i(4).
-239
Let g(z) = -z**2 - 2201*z - 79465. Determine g(-37).
603
Let h(q) = -655*q**2 + 79916*q + 127. Calculate h(122).
859
Let c(m) = -m**2 - 1646*m + 127269. Give c(74).
-11
Let c(o) = -2043*o**2 + 1924*o + 110. Give c(1).
-9
Let y(g) = 131*g**2 + 525*g - 1049. Determine y(2).
525
Let p(i) = 274*i - 3206. What is p(11)?
-192
Let c(j) = j**2 + 35*j - 694. Calculate c(18).
260
Let y(h) = 605*h**2 + 4233*h + 10. Determine y(-7).
24
Let w(q) = -q**3 - 66*q**2 + 599*q + 17. What is w(8)?
73
Let g(n) = 21*n**2 + 804*n + 1717. Give g(-36).
-11
Let x(n) = -n**2 - 2389*n - 49488. Give x(-21).
240
Let k(w) = -4*w**3 - 145*w**2 + 115*w + 305. What is k(-37)?
157
Let u(d) = 1086190*d + 3258575. Calculate u(-3).
5
Let p(j) = 133*j**2 - 217*j - 7. What is p(5)?
2233
Let i(t) = t**3 - 320*t**2 + 4581*t - 17. Determine i(15).
73
Let m(n) = 913754*n + 1827465. Calculate m(-2).
-43
Let z(c) = -14*c**2 - 4299*c + 8596. What is z(2)?
-58
Let j(d) = 17*d**2 + 53*d - 1854. Give j(9).
0
Let k(r) = -32701*r - 98088. Give k(-3).
15
Let d(y) = y**3 + 37*y**2 - 744*y - 4673. Give d(-50).
27
Let m(q) = -805*q + 7168. Determine m(9).
-77
Let d(g) = 2*g**2 - 27824*g + 250234. Calculate d(9).
-20
Let v(m) = -1787*m - 1120487. Determine v(-627).
-38
Let n(t) = -t**3 - 467*t**2 + 972*t + 15947. Give n(-469).
1
Let p(m) = -m**3 - 54*m**2 - 109*m - 5458. Give p(-54).
428
Let a(y) = -35257*y - 669856. Determine a(-19).
27
Let y(o) = -1087*o - 341234. What is y(-314)?
84
Let u(y) = -y**2 + 7649*y - 365162. What is u(48)?
-314
Let g(f) = f**3 - 3*f**2 + 3294*f - 9889. What is g(3)?
-7
Let x(k) = -633*k + 3159. Give x(5).
-6
Let h(x) = -9*x**2 - 165*x - 717. Determine h(-7).
-3
Let n(h) = 2*h**3 - 483*h**2 - 1546*h + 198528. Give n(243).
-3
Let p(t) = -t**2 - 36642*t + 366639. What is p(10)?
119
Let q(c) = -c**2 + 90*c - 397. Determine q(45).
1628
Let k(n) = 5881*n + 988012. Give k(-168).
4
Let t(j) = -446*j - 8488. Give t(-19).
-14
Let z(l) = 79*l**2 - 4875*l - 1501. What is z(62)?
-75
Let a(r) = -12*r**2 - 1341*r - 28130. What is a(-28)?
10
Let i(d) = 78*d - 2860. What is i(40)?
260
Let z(b) = 7*b**3 + 1699*b**2 - 567*b - 19685. Determine z(-243).
-2
Let w(f) = -f**3 - 65*f**2 + 25*f - 87. Give w(0).
-87
Let q(v) = -2*v**3 - 18*v**2 - 3241*v - 29175. Give q(-9).
-6
Let a(p) = -10*p**2 + 3695*p - 300043. Determine a(249).
2
Let v(w) = -15*w**2 + 613*w - 2038. Determine v(4).
174
Let j(o) = 6*o + 123. What is j(-89)?
-411
Let p(i) = -5*i**2 - 1147*i - 29060. Calculate p(-29).
-2
Let a(n) = -n**3 - 57*n**2 + 594*n + 115. What is a(-66)?
115
Let d(f) = 270*f + 46046. Give d(-171).
-124
Let z(t) = 109157*t - 764094. Calculate z(7).
5
Let f(w) = 174652*w - 2619779. What is f(15)?
1
Let b(t) = -2*t**3 - 1142*t**2 + 19994*t + 1200. What is b(-588)?
24
Let q(w) = -w**3 + 510*w**2 - 9327*w - 988. Calculate q(491).
-6
Let h(c) = c**2 - 39*c - 95. What is h(26)?
-433
Let o(j) = 14196*j - 68. Calculate o(0).
-68
Let z(l) = 324*l + 4039. Give z(-11).
475
Let l(c) = 9*c**3 + 99*c**2 + 61*c - 309. Give l(-10).
-19
Let n(f) = -f**3 - 6*f**2 - 3*f + 168. What is n(-9)?
438
Let j(h) = -3*h**2 + 82*h - 675. What is j(13)?
-116
Let d(f) = 6*f**2 + 1141*f - 5660. Calculate d(-195).
-5
Let l(g) = -6*g - 578. What is l(-92)?
-26
Let t(z) = z**3 - 144*z**2 + 424*z - 52. Give t(141).
89
Let c(l) = -l**3 - l**2 + 17074*l + 85333. Determine c(-5).
63
Let k(c) = 47*c**3 - 1408*c**2 - 54*c - 148. Determine k(30).
32
Let n(z) = 3765*z + 57531. Give n(-15).
1056
Let t(a) = a**3 - 111*a**2 + 2943*a + 2155. What is t(46)?
-7
Let w(v) = -207*v**2 - 100394*v + 493. Determine w(-485).
8
Let o(h) = -7318*h - 366153. Calculate o(-50).
-253
Let b(c) = -5684*c + 374901. Determine b(66).
-243
Let s(r) = 241*r**3 + 4*r**2 + 255*r + 496. Calculate s(-2).
-1926
Let h(j) = 1396577*j - 5586332. Give h(4).
-24
Let t(g) = -g**2 - 441*g - 7650. Give t(-18).
-36
Let g(k) = -2*k**2 - 479*k - 28173. What is g(-102)?
-123
Let j(m) = -556*m - 9150. Give j(-15).
-810
Let y(a) = -250*a**2 + 639*a + 642. What is y(-1)?
-247
Let w(m) = -622272*m + 3. Determine w(0).
3
Let p(z) = -34*z**2 + 721*z - 1445. What is p(19)?
-20
Let y(l) = -11*l**3 + 17*l**2 + 56*l + 5. Give y(-3).
287
Let i(w) = -1434*w + 34306. Calculate i(24).
-110
Let i(t) = -t**3 + 21*t**2 - 106*t - 18. What is i(5)?
-148
Let r(f) = -f**3 + 74*f**2 - 113*f - 3602. What is r(72)?
-1370
Let t(g) = -4852*g**2 + 67929*g - 5. Determine t(14).
9
Let c(m) = -14*m**2 - 1170*m - 8075. Calculate c(-76).
-19
Let m(o) = 5*o**2 - 2250*o + 61056. Give m(421).
11
Let a(i) = i**3 + 1137*i**2 - 10311*i + 3434. Calculate a(-1146).
-4
Let m(a) = 2*a**3 + 152*a**2 - 646*a - 497. Calculate m(-80).
-17
Let z(o) = -76*o + 13803. Give z(183).
-105
Let s(b) = 3*b**3 + 44*b**2 + 227*b + 1885. Calculate s(-13).
-221
Let a(n) = -8*n**2 - 347*n + 5859. Give a(-56).
203
Let q(f) = -80*f**2 - 331*f - 35. What is q(-4)?
9
Let l(x) = -4*x**2 - 123*x + 1085. Calculate l(9).
-346
Let r(f) = 44*f**3 - 18*f**2 - 880*f - 866. Determine r(-1).
-48
Let c(l) = 2*l**3 - 220*l**2 - 661*l + 17. Calculate c(-3).
-34
Let w(a) = a**3 + 16*a**2 + 2259*a + 8857. Give w(-4).
13
Let x(a) = 19073*a - 2975399. What is x(156)?
-11
Let k(x) = x**2 - 154*x + 5646. What is k(65)?
-139
Let c(d) = 89*d**2 + 1061*d - 526. Give c(-15).
3584
Let f(q) = 4642*q**2 - 35*q - 104. Calculate f(0).
-104
Let d(s) = 1252*s - 88887. Calculate d(71).
5
Let k(j) = 52*j**2 - 433*j - 3622. Determine k(-8).
3170
Let j(l) = -146*l - 3278. What is j(-22)?
-66
Let p(d) = -d**3 + 10*d**2 + 303*d - 2537. What is p(9)?
271
Let i(x) = x**3 + 76*x**2 + 814*x - 33. Give i(-13).
32
Let s(l) = 376*l**2 + 5263*l + 4869. Give s(-13).
-6
Let c(j) = -1961*j**2 - 480441*j + 979. Calculate c(-245).
-1
Let k(q) = -656*q + 71834. Calculate k(106).
2298
Let j(b) = 1053*b - 364284. What is j(346)?
54
Let r(o) = 112*o**2 + 835*o + 11. Give r(-6).
-967
Let y(f) = -8*f**2 - 1654*f - 4945. Give y(-3).
-55
Let t(k) = 2400*k - 26219. What is t(10)?
-2219
Let b(n) = n**2 - 20402*n + 183531. What is b(9)?
-6
Let x(y) = 16*y**2 - 129*y + 880. Determine x(7).
761
Let n(u) = 69679*u - 418061. Calculate n(6).
13
Let i(l) = 1038*l + 62179. Determine i(-60).
-101
Let v(k) = -9*k**2 - 107*k + 1100. Give v(9).
-592
Let t(k) = 3*k**3 + 38*k**2 + 15*k + 494. Give t(-13).
130
Let q(x) = -373204*x + 1119610. Determine q(3).
-2
Let t(p) = -3479*p + 14462. Calculate t(4).
546
Let c(o) = -615*o - 11736. Calculate c(-19).
-51
Let v(x) = -5*x**2 + 85*x - 88. What is v(13)?
172
Let q(o) = -o**3 - 38*o**2 + 1255*o + 119. Give q(21).
455
Let m(u) = -11*u**3 - 9*u**2 + 2*u + 14. Give m(-4).
566
Let w(r) = r**3 + 309*r**2 - 349*r - 13010. What is w(-310)?
-920
Let j(g) = -g**3 + 12*g**2 + 1725*g - 19093. What is j(11)?
3
Let s(v) = v**3 - 8*v**2 - 511*v + 4184. Calculate s(8).
96
Let m(j) = -13366*j + 160398. Determine m(12).
6
Let h(u) = -u**2 + 117*u + 507. Give h(117).
507
Let y(u) = 110*u + 4880. What is y(-52)?
-840
Let l(v) = -v**2 - 419*v - 9173. Determine l(-20).
-1193
Let k(w) = 2*w**3 + 195*w**2 - 100*w - 145. Calculate k(-98).
51
Let a(d) = 18*d*